units digit of k?
4
Let q be 2*(-18)/24 - 7/(-2). Suppose 2*k - 234 = -4*m, 239 = q*k - 2*m - 13. What is the units digit of k?
3
Suppose 4*s + 2*g = 12994, 6482 = 2*s - 15*g + 19*g. What is the thousands digit of s?
3
Let v(n) = 3*n**2 - 25*n - 18. Suppose -5 + 11 = -x. What is the units digit of v(x)?
0
Suppose j - 975 - 49 = 0. What is the hundreds digit of j?
0
Suppose -44*b = -47*b + 6009. What is the units digit of b?
3
Let o(f) = -f - 1. Let y(b) = -b - 1. Let i(t) = 3*o(t) - 4*y(t). Let m be i(5). What is the units digit of 504/27 - (-2)/m?
9
Let w(a) = -18*a + 508. What is the tens digit of w(26)?
4
Let s = -333 + 397. What is the tens digit of s?
6
What is the units digit of ((-36)/(-21))/(-6) + 40831/49?
3
Let y = 70 - 53. What is the units digit of 186/((-8 + y)*2/12)?
4
Let z = -1928 - -3278. What is the hundreds digit of z?
3
Suppose 0 = -4*j + 4 - 0. What is the units digit of 97 - j - (1 + 1)?
4
What is the hundreds digit of 24/(-42) + (-26442)/(-42)?
6
Let s = 25 + -6. Let a = 398 + -418. Let o = s - a. What is the tens digit of o?
3
Suppose 4*o - 435 = -87. Let d = 53 + -51. Suppose -o = -j - d*j. What is the units digit of j?
9
Suppose -2*v + 139 = -5*r, -4*v + 253 = -2*r - 3*r. Suppose -15 - v = -4*m. What is the units digit of (22/6)/(6/m)?
1
Let j = -18 - -18. Suppose 0 = -n + 2*f + 182, 5*n + 3*f - 936 = -j*f. Suppose 3*q + 0*q - n = 0. What is the tens digit of q?
6
Let b = -7 + 9. Suppose 5*i + 12 + 17 = 2*q, -b*i + 10 = q. Suppose 3*t - q = -0*t. What is the units digit of t?
4
Let o(h) = -h**3 - 5*h**2 - 2*h + 4. Let b be o(-5). Let d = 16 - b. Suppose -4*m + 54 = 4*f + m, d*m + 36 = 2*f. What is the units digit of f?
6
Let t(f) = f**2 + 4*f + 2*f + f - 13. Let c be t(-9). Let v(r) = -r**3 + 6*r**2 - r + 3. What is the tens digit of v(c)?
2
Suppose 0*f + 8 = 2*f. Let y(m) be the second derivative of m**4/4 - m**3 + m. What is the units digit of y(f)?
4
Suppose 4*x = -4*v - 12, -6 = 4*v + 5*x + 8. Let o be (v - 0)/(4/(-20)). What is the units digit of -2*(-4)/(-8) + o?
4
Let o(j) = j**3 + 16*j**2 + 12*j - 10. Let s be o(-15). Let a = 85 - s. What is the units digit of a?
0
Let n(s) = 8*s + 2*s**2 + 13*s - 23*s. Let c be n(2). Suppose 0 = 5*i + o - 145, -2*i - c*o - 58 = -4*i. What is the tens digit of i?
2
Let b(j) = j - 1. Let l(w) = -4*w + 57. Suppose 3*q - 10 = -4*x - 0*q, 2*x - 3*q = -4. Let s(h) = x*l(h) + b(h). What is the tens digit of s(0)?
5
Let s(n) = -4*n**2 + 9*n - 7. Let l be s(4). Let g = l + 75. What is the tens digit of g?
4
Let i be 1 + -4 + 8 + 2. Suppose i*o - o - 306 = 0. What is the units digit of o?
1
Let l(u) = 9*u - 1. Let q be l(4). Let p be ((-4)/8*2)/(-1) + -14. Let s = q + p. What is the units digit of s?
2
Let i(g) = -g**2 + 6*g - 3. Let x be i(4). Let a(w) be the first derivative of w**3/3 + w**2 + w + 2. What is the tens digit of a(x)?
3
Let n = 59 + -31. Suppose 0 = n*y - 32*y + 96. What is the tens digit of y?
2
Suppose 0 = 2*m - 0*m. Suppose -4*b + 9 = 3*a - b, 4*b - 4 = m. Suppose -117 = -3*k - a*u + u, -u - 83 = -2*k. What is the tens digit of k?
4
Let q(u) = 3 + 17*u - 7*u - 4*u - 5*u. Let z be q(10). Let p(b) = 5*b - 20. What is the units digit of p(z)?
5
Suppose 2*l - 4*w - 20 = 0, 2*l - 4*w + 5*w = 0. Suppose -2*u + u - d + l = 0, -3*u + 38 = -5*d. What is the units digit of u?
6
Let r(l) = -5*l**3 - 10*l**2 - 7*l - 6. Let q(w) = -4*w**3 - 9*w**2 - 6*w - 5. Let b(c) = -7*q(c) + 6*r(c). What is the units digit of b(-1)?
4
Let x(u) = 135*u**2 - 26*u + 25. What is the hundreds digit of x(1)?
1
Let j(q) be the first derivative of 2*q**3/3 + 3*q**2 + q + 7. What is the tens digit of j(-7)?
5
Let o(q) = -3*q**2 - 3*q + 2. Let b(j) = j**3 - 6*j**2 - 7*j + 4. Let a(f) = -3*b(f) + 7*o(f). Let y = 0 + -2. What is the units digit of a(y)?
4
Suppose 6*r - 1694 - 10540 = 0. What is the thousands digit of r?
2
Let o(t) = t**3 - 6*t**2 - 6*t + 8. Let v be o(7). Let w(u) = 2*u**2 + 2*u. Let m be w(-2). Suppose 0 = 5*y, 0 = d - m*d - y + v. What is the units digit of d?
5
Let x = 20 - 18. Let l be (3/x)/(10/20). Suppose -a + 12 = -0*a - 2*t, l*a - 34 = 4*t. What is the units digit of a?
0
Let v be 7*1/(-21)*-6. Suppose 3*z + 4*b = v*z + 121, 3*z = 3*b + 363. What is the tens digit of z?
2
Suppose 88*n - 90*n + 4420 = 2*u, -3*u - 5*n = -6624. What is the thousands digit of u?
2
Let f(v) = 2*v**2 + 2*v + 3. Let l(u) = -u**3 - 7*u**2 + 11*u + 5. Let b be l(-8). Let w = b + 15. What is the units digit of f(w)?
7
Suppose 499 = 8*q + 59. Let i = 139 - q. What is the tens digit of i?
8
Let f(o) = 172*o**2 + 48*o + 6. What is the units digit of f(-5)?
6
Let v(t) = -t - 7*t**2 + t**3 - 7 + 4*t**2 - 4*t + 0*t**3. What is the units digit of v(5)?
8
Let t(y) = -4*y - 44. Let p be t(-25). Suppose -p*b + 51*b = -705. What is the hundreds digit of b?
1
Let r(m) = -2*m + 16. Let u be (24/20)/(3/(-20)). Let o(a) = -a**3 - 8*a**2 + a - 1. Let z be o(u). What is the tens digit of r(z)?
3
Suppose 4*z = 1 - 5, -y - 5 = 5*z. Suppose -8*w + 11*w = y. Suppose 14*k - 10*k - 76 = w. What is the units digit of k?
9
Let n = 105 - 37. Let m = -44 + 10. Let p = m + n. What is the tens digit of p?
3
Let y(f) be the first derivative of -5*f**2 + 3 - 2*f - f**3 + 6*f**2 + f**3 + 2*f**3. What is the units digit of y(2)?
6
Let u be (0/(-2)*5/(-10))/3. What is the units digit of -447*(2 - u/(-4))/(-3)?
8
Let o(p) = p. Let i be 0/(-3) - 10/(-5). Let g be o(i). Suppose 5*z = -2*a + 27, -g*a + 5*z = -5*a + 33. What is the units digit of a?
6
Let y(d) = -1. Let z(c) = 6*c**2 + 9*c - 12. Let h(t) = 2*y(t) + z(t). What is the tens digit of h(-6)?
4
Let b(s) = -s + 23. Let x be b(12). Suppose -9*n + x*n - 98 = 0. What is the units digit of n?
9
Let z be 9/2*(-56)/42. Let p be (1 - -2) + z/(-6). Suppose -p*o = o - 40. What is the units digit of o?
8
Let n = -23 - -42. Let v = 8 - n. Let o(t) = -t**3 - 10*t**2 + 8*t - 5. What is the units digit of o(v)?
8
Suppose -2*g + 829 = m, -9*m = -5*m + g - 3323. What is the tens digit of m?
3
Suppose -4*n = -2*f - 55 + 1449, 2733 = 4*f + 3*n. What is the hundreds digit of f?
6
Suppose -2*o + 65 + 13 = h, 5*o - 225 = 5*h. What is the units digit of o?
1
Suppose 6*n - 8*n - 5*f + 319 = 0, 0 = 3*n - 5*f - 416. What is the tens digit of n?
4
Let i(a) = -a**3 + 3*a + 9. Let t be i(0). Let d = 57 - t. What is the units digit of d?
8
Let c = -90 + 95. Suppose -c*b = -10*b + 865. What is the tens digit of b?
7
Let q(i) = 34*i - 30. Let n(t) = t**2 - 17*t + 37. Let s be n(15). What is the units digit of q(s)?
8
Let c be -1 + 3/(-1) + 1. What is the hundreds digit of (2/6)/(c*3/(-2943))?
1
Let j = 1393 - 846. Suppose -59 = -6*b + j. What is the tens digit of b?
0
Let j = -31 + -20. Let n be (-9)/4*(-4 - -16). Let a = n - j. What is the units digit of a?
4
What is the hundreds digit of (-8 - 369)*(-3)/(12/4)?
3
Let j(v) = v**2 + 9*v - 5. Let k be j(-8). Let t = 15 + k. What is the units digit of (6 + -2 - t)*3?
6
Let q(k) = -k**2 - 2*k + 2. Let i be q(-2). What is the tens digit of 41 + i/8*4?
4
Suppose -2*l + 8 = i, 2*i - 6*l + 11 = -l. Let c be ((-3)/9)/(i/(-48)). Suppose j = c + 3. What is the units digit of j?
1
Let c be (1 + (-820)/25)/((-2)/10). Suppose 2*z - c = -z. What is the units digit of z?
3
Let r(z) = 209*z**3 - 3*z**2 + z + 1. What is the tens digit of r(1)?
0
Let a(u) = -9*u + 7*u**2 + 9*u - u**3 + 6. What is the units digit of a(5)?
6
Let o(w) = 613*w**2 - w - 1. Let f be o(1). Suppose 0 = -g + 4 - 0, g = 5*u - f. What is the hundreds digit of u?
1
Let r be 12/(-3)*(-53)/(-4). Let p = 1 - r. What is the tens digit of p?
5
Let m = -92 - -95. What is the units digit of (m/(27/(-258)))/((-4)/12)?
6
Suppose -3*k + 6 = 0, 4*i + 2*k - 5 = 35. What is the units digit of (-2756)/(-28) - i/21?
8
Suppose 0*g - 6 = g. Let a be (4/g)/((-6)/27). Suppose 50 = 5*i + m - 0, 23 = a*i + 2*m. What is the units digit of i?
1
Let k be (2 + 5/(-1))*3. Suppose -3*y = -4*y + 33. What is the units digit of y*(-6)/k*1?
2
Suppose -15*n = -89025 - 2745. Suppose n = 22*r + 310. What is the hundreds digit of r?
2
Let p = 205 - 142. Let c = 24 + p. What is the units digit of c?
7
Let n = 43 + -10. Suppose -t + 11 + n = 0. What is the tens digit of t?
4
What is the tens digit of 0 + (-6279)/(-7) - -4?
0
Let c(f) = -7*f 